hen n is divided by 18?
16
Let c = -45 - -58. Calculate the remainder when c is divided by 12.
1
Let f be 8/((-24)/(-9) + -2). What is the remainder when 63 is divided by ((7 - f/3) + -2)*17?
12
Let m(s) = -s**3 - 2*s**2 + 14*s. What is the remainder when 21 is divided by m(-5)?
1
Let k = -17 - -37. Calculate the remainder when 1 + 0 - -1 - (-119 - -22) is divided by k.
19
Calculate the remainder when 137 is divided by 2*7*(-115)/(-70).
22
Calculate the remainder when 219 is divided by (23 - 1659/63)/((-2)/18).
9
Let y(s) = -3*s + 7*s**2 + 5*s + 3*s**3 + 7 - 4*s**3. What is the remainder when 62 is divided by y(7)?
20
Suppose 0 = 2*p - 4*p + 3*r + 30, 5*p - r = 49. What is the remainder when 9 is divided by (-1 - 3/p)/((-10)/45)?
3
Suppose -5 = 25*b - 26*b. Suppose 59 - b = 3*k. What is the remainder when 87 is divided by k?
15
Calculate the remainder when 89 is divided by 19/(-57) - 4/(-3)*13.
4
Suppose -4*r + 545 = 3*n - 2*r, -4 = 2*r. Calculate the remainder when n is divided by 46.
45
Suppose 5*p + 26 - 1 = t, 3*p = 2*t - 64. Suppose 4*d - 432 = -4*a, -2*d + 231 = 8*a - 3*a. What is the remainder when d is divided by t?
33
Let g(j) = -13*j**2 - 5*j - 149. Let s(f) = -3*f**2 - f - 37. Let b(c) = 2*g(c) - 9*s(c). Calculate the remainder when b(0) is divided by 12.
11
Suppose -2*i = -3 - 1. Suppose -6 = -2*z - i. Suppose 4*m + 3 = 3*v, -3*v = -z*m - 3*m. What is the remainder when 19 is divided by v?
4
Suppose 495*z - 496*z + k + 42 = 0, 3*z + 5*k = 134. Suppose -4*g - 340 = -4*o, 0*g - 5*g = 5. Calculate the remainder when o is divided by z.
41
Let u = 18 - 8. Suppose 0 = -5*w - 46 + 191. Calculate the remainder when w is divided by u.
9
Let h = 82 + -16. Let d = 109 + 10. Let f = -102 + d. What is the remainder when h is divided by f?
15
Let u = 98 - 64. Let d = u - 19. Let i = 44 + -38. Calculate the remainder when d is divided by i.
3
Let j(z) = 36*z - 2. Suppose -4*d = 3*i - 56, -4*d - 5 = 5*i - 85. Calculate the remainder when j(2) is divided by i.
10
Calculate the remainder when 15/3 + 4116/14 is divided by 43.
41
Let z be 8/6*(-45)/(-12). Suppose z*p - 24 = -3*v + p, 2*v - 5*p = 16. Suppose v*c = 4*c + 324. Calculate the remainder when c is divided by 14.
11
Let b be (-28)/(-5) + 12/(-20). Suppose -2*z - 171 = -4*a + z, b*a + 5*z - 240 = 0. Calculate the remainder when a is divided by 418/18 - (-8)/(-36).
22
Suppose -f + 6 = f. Calculate the remainder when 14 is divided by 6/(f + 2 + -4).
2
Suppose -89*h + 88*h + 362 = 0. What is the remainder when h is divided by 26?
24
Calculate the remainder when 102 is divided by (-2 - -9)*9/3.
18
Suppose 25*s - 3343 = 3682. What is the remainder when s is divided by 44?
17
Let z = -2 - -67. Suppose -s = 4*s - z. Calculate the remainder when 47 is divided by s.
8
Let v = 490 + -293. Calculate the remainder when v is divided by 25.
22
Let y(m) = 12*m**2 - 47*m - 46. What is the remainder when ((-141)/4)/(3/(-12)) is divided by y(-1)?
11
Let d(p) = -5*p**3 - p**2 - p - 1. Let y be d(-1). Suppose -284 = -y*v + 128. Calculate the remainder when v is divided by 52.
51
What is the remainder when 688/(-116) - -6 - (-19656)/87 is divided by 49?
30
Suppose -2*k + 3 = 25. Let r(t) = t**2 + 13*t + 26. Let p be r(k). Suppose 16 + 1 = i - 3*h, -4*i + p*h + 36 = 0. What is the remainder when i is divided by 2?
1
Let r = -533 - -580. What is the remainder when 120 is divided by r?
26
Let d be -2*-1*1/(-2). What is the remainder when 14 is divided by -4*(d - (-1)/4)?
2
Let m(h) = 172*h**2 - 2*h - 6. Let o be m(2). Calculate the remainder when (-3 - 1)/((-24)/o) is divided by 13.
9
Suppose 0 = -3*c + 2*w + 25, -74*w = -c - 72*w + 3. What is the remainder when 73 is divided by c?
7
Let d = -34 - -19. Let c = d + 14. What is the remainder when 32 is divided by c*(-8 - (-3 - -4))?
5
What is the remainder when ((-7)/((-175)/(-1490)))/((-4)/10) is divided by 38?
35
Suppose -3*o + 0 - 99 = -2*g, -g = 2*o - 53. What is the remainder when g is divided by 18?
15
Let w = 31 + -28. Suppose -z = -5, 2*v = w*z - 17 + 4. Suppose 0 = -4*h + 4. Calculate the remainder when v is divided by h.
0
What is the remainder when 44/(-18) + 2 - (-812150)/666 is divided by 37?
35
Suppose -4*t = -4*p - 43 - 21, 0 = p - 5. Calculate the remainder when 293 is divided by t.
20
Suppose 3*f + 3 = 0, -2*y + 247 - 92 = -3*f. Let x = 101 - y. What is the remainder when 40 is divided by x?
15
Let y(d) = 21*d. Let j = 1 - 0. Calculate the remainder when 38 is divided by y(j).
17
Let u be -3 + 8*9 - 2. Let f = u - 31. Let q = -12 + 25. Calculate the remainder when f is divided by q.
10
Suppose -11*z + 423 - 71 = 0. Calculate the remainder when z is divided by 8.
0
Let z(n) = -3*n + 4. Suppose -o + 2*y = 2*o + 26, 0 = 2*y - 2. Let a be (o/10)/((-3)/(-15)). Calculate the remainder when z(a) is divided by 6.
4
Let m = -28 + 33. Suppose -m*z + 368 = 18. What is the remainder when z is divided by 19?
13
Suppose -5*j + 70 = 3*u, -u - 14 = -j + 4*u. Calculate the remainder when ((-210)/(-49))/(2/j) is divided by 17.
13
Suppose 0 = x, -h = -0*h - x + 20. Let a = h - -35. What is the remainder when 58 is divided by a?
13
Let a = 369 - 351. What is the remainder when (96/((-6)/2))/(-1) is divided by a?
14
Suppose 23*y - 5*l = 28*y - 4180, y + 2*l = 833. What is the remainder when y is divided by 278?
5
Let p(f) = f**3 + 17*f**2 - 24*f - 12. What is the remainder when p(-18) is divided by 26?
18
Suppose -5*o = 7 - 27. Suppose -5*g = 5, 0 = 2*v + g - o*g - 67. What is the remainder when 127 is divided by v?
31
Let c(i) = i**3 - 5*i**2 + 8*i - 2. Suppose -f + 2*x = -2, -5*f + 0*f - x + 32 = 0. Calculate the remainder when c(f) is divided by 28.
26
Let w(s) be the second derivative of 11*s + 1/6*s**3 + 0 + 2*s**2 + 1/4*s**4. What is the remainder when w(3) is divided by 12?
10
Suppose 5*x = -3*o + 23, 26 = 2*o + 3*o - 4*x. Let l be (-4)/(-8)*12/2. Suppose l*b + 0*b - 33 = 0. What is the remainder when b is divided by o?
5
Let h = -19 + 27. Suppose -7*r - 2 = -8*r. Suppose -r*u - 2*p - 12 + 70 = 0, 91 = 3*u + p. Calculate the remainder when u is divided by h.
7
Suppose -l - 3 = 0, -4*s - l = l - 178. Suppose -6*f + f = 10, -350 = -4*m + 3*f. Let o = -74 + m. What is the remainder when s is divided by o?
10
Let x(f) = -2*f + 13. Let c be x(-18). Let n = -73 - -108. Let d = c - n. What is the remainder when 39 is divided by d?
11
Suppose 26 = h - 4. Let o = 61 - h. What is the remainder when o is divided by 16?
15
Let p(r) = -9*r + 140. Calculate the remainder when p(5) is divided by 11.
7
Suppose 10560 = 53*g - 5*g. Calculate the remainder when g is divided by 16.
12
What is the remainder when -1 + (-14)/(-18) - (-16159)/99 is divided by (11*(-1)/3 + 4)*123?
40
Suppose 0 = c - 5*q - 4, -4*c + 5*q = -5*c + 54. Calculate the remainder when 69 is divided by c.
11
Suppose 2*m - 5*f - 37 = 0, -9*m + 2*f + 82 = -5*m. Suppose 3*x = 2*x + 35. What is the remainder when x is divided by m?
14
Let q be 2/(-6) - 50/(-6). Suppose 0 = 9*g - q*g - 50. Calculate the remainder when g is divided by 27.
23
Suppose -11*l + 337 = -411. Let i = l + -63. What is the remainder when 12 is divided by i?
2
Suppose 0 = 2*a - 2*r + 5*r - 340, 2*a - 328 = 3*r. Suppose 0 = 23*f - 13*f - 240. What is the remainder when a is divided by f?
23
Suppose -3*r - 20 = 3*n - r, -16 = 3*n + 4*r. Let h(z) = -z**3 - 17*z**2 - 17*z - 7. Calculate the remainder when (-3)/12 - 210/n is divided by h(-16).
8
What is the remainder when (-3 + 1771/44)*12 is divided by 41?
37
Suppose -9*o + 1665 + 2259 = 0. Calculate the remainder when o is divided by 11.
7
Let h = -933 + 1159. Calculate the remainder when h is divided by 49.
30
Let v be (-3)/(-12)*-2*-12. Suppose v*m = 5*y + m - 250, -4*m + 232 = 5*y. What is the remainder when y is divided by 18?
12
Suppose 0 = 3*r - 0*r - 3. Let d(u) = 3*u**3 + 2*u**2 - 8*u + 17. What is the remainder when r/(3/291*1) is divided by d(2)?
31
Let b be 96 + 1*(-6 + 1). Let c = 97 - b. Let n = -12 - -26. What is the remainder when n is divided by c?
2
Let t(p) = -p**2 + 19*p + 3. Let z be t(17). Let x = -12 + z. Suppose -3*b + 4*q + 23 = 0, 0*q + q = 4*b - 48. Calculate the remainder when x is divided by b.
12
Let p(k) = 7*k - 6. Let j be ((-2)/4)/((-2)/(-24)). Let q be p(j). What 